 factors of m?
3, 17
Let o(f) = f**2 + 2*f - 3. Let w be o(-4). Suppose 5*z + 0 = 2*n - 5, 35 = 4*n - w*z. List the prime factors of n.
3, 5
Let a = 5 + -5. Suppose -5*g - 2 - 8 = a, 0 = 2*k - 3*g - 6. Suppose k*r - 3*r = -18. What are the prime factors of r?
2, 3
Let g(r) = r + 8 + 0*r + 0*r. Let v be g(-4). Suppose 0 = v*o - 0*o - 44. List the prime factors of o.
11
Let n(o) = o**3 + 4*o**2 - o + 2. Let m be n(3). Suppose 2*b + 90 = -2*f, -f = -2*b + 4 + 29. Let r = m + f. List the prime factors of r.
3, 7
Suppose 18 = 2*y - y. Let i = y - 5. List the prime factors of i.
13
Suppose 2*z = 2*c + 60, -c = -4*z - 5*c + 152. Suppose a - z = -4*j, -38 - 40 = -5*a + 3*j. List the prime factors of a.
2, 3
Suppose -o = -19 - 23. List the prime factors of o.
2, 3, 7
What are the prime factors of 6/21 + 222/7?
2
Let j = 8 + -63. Let h = 84 + j. What are the prime factors of h?
29
Let n = 50 - 25. Let o = n + -17. Suppose d + o = 5*d. List the prime factors of d.
2
Let n(p) = p**3 - 6*p**2 - 7*p - 1. Let g = -4 - -11. Let j be n(g). Let v = 2 - j. List the prime factors of v.
3
Let a(r) = r**2 - 3*r + 132. List the prime factors of a(0).
2, 3, 11
Let m = -3 + 8. Let u = 15 - m. What are the prime factors of u?
2, 5
Suppose 0 = -3*x - 0*x - 4*q - 14, 0 = 5*x + 5*q + 15. Suppose -4 = -3*h + x*h. Suppose -4*s + 0 = 5*d + 2, 4 = -h*d - 4*s. List the prime factors of d.
2
Let j be 2 - 2/(-1) - 0. Suppose j = -y + 14. What are the prime factors of y?
2, 5
Let z(b) be the second derivative of 5*b**4/4 - b**3/6 - b**2/2 - 2*b. Let c be z(2). Suppose -4 = 4*d, -5*x - 3*d = -0*d - c. What are the prime factors of x?
2, 3
Suppose -5*x = -4*a - 73 - 13, -5*x + 92 = 2*a. What are the prime factors of x?
2, 3
Let p(h) = 3*h**2 + 8*h - 2. What are the prime factors of p(-6)?
2, 29
Suppose -20 = -w + 4*x + 58, 168 = 2*w - 4*x. What are the prime factors of w?
2, 3, 5
Suppose 0 = m + 24 + 27. List the prime factors of m/(-4) - (-3)/12.
13
Suppose 3*j = 2*m + 5, -j = -4*m - 5*j - 20. Let a be 642/22 - m/(-22). List the prime factors of a/9 + (-2)/9.
3
Let k(b) = -b**3 - 2*b**2 + 2*b + 1. What are the prime factors of k(-4)?
5
Let h = -169 + 323. What are the prime factors of h?
2, 7, 11
Let d(z) = z**3 - z + 1. Let g be d(4). Let m = -43 + g. List the prime factors of m.
2, 3
Suppose -8 = -j + 20. Let h = -16 + j. What are the prime factors of h?
2, 3
Suppose 0 = -5*b - 0 + 5. Let g(m) = -4 + 3 - 2*m**3 + 4*m**3 + 2*m**2. List the prime factors of g(b).
3
Let u(o) be the third derivative of -o**5/60 - o**4/4 + o**3/6 - 5*o**2. Let f = 2 + -7. What are the prime factors of u(f)?
2, 3
Let h(p) = -10*p + 1. Let j(x) = x**3 - 7*x**2 - 8*x - 1. Let k be j(8). What are the prime factors of h(k)?
11
Suppose -15 = -3*l + 4*z, -z + 26 = 4*l + 6. Suppose 0 = l*g - g - 72. List the prime factors of g.
2, 3
Suppose 0*m + 4*m = 8. Let l be m - (2 + 2) - 2. Let n(s) = s**3 + 6*s**2 + 4*s - 3. List the prime factors of n(l).
13
Suppose -3*b - 3*v + 246 = 0, 2*b + 3*v + 321 = 6*b. What are the prime factors of b?
3
Let i = 1 - -15. Suppose a = c - 4, -a - i = -5*a - 4*c. List the prime factors of 2 + a - (0 - 1).
3
Suppose 0*o - 5 = 5*o. Let p = -2 - o. What are the prime factors of -3 - (-16 + 3) - p?
11
Suppose -2*g = g - i - 2, -i = -g. Suppose -2*r - g = -11. Suppose -13 - 2 = -r*o. What are the prime factors of o?
3
Let z = 5 + -4. Let j(y) = 10*y + 6. Let b(d) = -d - 1. Let r(t) = z*j(t) + 6*b(t). What are the prime factors of r(3)?
2, 3
List the prime factors of 3 + (10740/40 - 6/(-4)).
3, 7, 13
Suppose 51 = -g - 3*l + 7*l, 2*l = 0. Let u be (g/12)/((-1)/4). Let q = u - 8. What are the prime factors of q?
3
Suppose -2*a - a = -18. Suppose -a*u + 190 + 8 = 0. List the prime factors of u.
3, 11
Suppose -2*y - 2*h = -126, 5*y - 136 = -2*h + 167. What are the prime factors of y?
59
Suppose -29 + 161 = 4*m. Let d = m + -10. What are the prime factors of d?
23
Let j = -3 - -6. Let u = j + -1. Suppose 10 = u*f + c, 3*c = -2*f - 0 + 2. List the prime factors of f.
7
Let t = -67 + 79. List the prime factors of t.
2, 3
Let l = -15 + 36. List the prime factors of l.
3, 7
Let i = 155 - 56. Suppose -6*b + 21 = -i. What are the prime factors of b?
2, 5
Let p = -6 - -8. Suppose 0 = o + 4*n - 5*n - 15, n = p. What are the prime factors of o?
17
Suppose 6*c - 114 - 228 = 0. List the prime factors of c.
3, 19
Suppose -51 = -2*d + z, -2*z = 4*d - 6*z - 108. List the prime factors of d.
2, 3
Suppose -b + 1635 = c, -5*b = -2*c - 2*b + 3295. List the prime factors of 2/(-9) - c/(-90).
2, 3
Let v = -8 + -5. List the prime factors of v/(39/(-90)) + -2.
2, 7
Suppose -3*t - 74 = 2*y - 3*y, 5*y = 3*t + 322. Suppose -36 = -2*f + 4*p, -f - 4*f - 4*p + y = 0. What are the prime factors of f?
2, 7
Let q be (-10)/(-15) + (-20)/(-6). Suppose -q*d - 21 = -7*d. What are the prime factors of d?
7
What are the prime factors of 106/(-2 + (4 - 0))?
53
Suppose 38*d - 42*d = -12. List the prime factors of d.
3
Suppose j - 41 + 15 = 0. What are the prime factors of j?
2, 13
List the prime factors of 3 - 3/(12/(-160)).
43
Let z = 73 + -34. What are the prime factors of z?
3, 13
Let x be (14 - 2)*8/6. Suppose 2*w + 4*b = 12, 5*b = 2*w + x - 1. Suppose w = -5*f + f + 36. What are the prime factors of f?
3
Let u(p) = p + 2. Let h be u(-4). Let m be ((-1)/h)/((-3)/72). Let z = m + 23. What are the prime factors of z?
11
Let s be (-52)/(-8) - 9/6. Let h = -3 + s. List the prime factors of (-282)/(-54) + h/(-9).
5
Suppose -4*x - 4*x + 496 = 0. List the prime factors of x.
2, 31
Let u(j) = -4 + 2*j - 7 + 1 + 3. List the prime factors of u(9).
11
Suppose 4*v + 6 = 6*v. Suppose 0*f + 12 = v*f. Suppose f*a = -5*j + 19, 7 + 3 = 2*j + 4*a. What are the prime factors of j?
3
Let k(n) be the first derivative of -n**3/3 + 5*n**2 - 9*n - 7. List the prime factors of k(6).
3, 5
Let u be ((-4)/(-8))/((-2)/(-20)). Suppose h = u*h - 92. List the prime factors of h.
23
Let q = 8 + -7. Let v(k) = 4*k**2 + k. What are the prime factors of v(q)?
5
Let u(c) = 6*c - 7. Let m(z) = -3*z + 3. Let q(s) = 13*m(s) + 6*u(s). Suppose -8 = n + n. List the prime factors of q(n).
3
Let c(l) = 4*l + 2. Suppose -3*j - 2*g - 1 = -0, -17 = j + 4*g. Let r be c(j). Suppose -r = -d - d. List the prime factors of d.
7
Let n = 48 + -32. Suppose 4*t + n = -5*v - 0, -3*t = 12. List the prime factors of (-3)/(-3) + (v - -11).
2, 3
Suppose -5*q + 2*l + 88 = 0, -5*q + 2*l - 6*l + 64 = 0. Let u = q + -3. List the prime factors of u.
13
Let g be (0 - 2/4)*2. Let n be (85/5)/((-1)/g). Let y = n + -6. List the prime factors of y.
11
Let z = 1 - 1. Let r be (0 + 1)*(z - 0). Let b = r - -4. What are the prime factors of b?
2
What are the prime factors of 2 - 2 - (7 + -10)?
3
Let b be 8*(3 - (-10)/(-8)). What are the prime factors of 4/b - 356/(-28)?
13
Let n(q) = q**3 + 7*q - 5. List the prime factors of n(4).
3, 29
Suppose 4*h - 10 = 2*h. Suppose 2*y + x = -h + 29, 3*x + 12 = 0. Suppose 4*c = 5*s - 17, 2*c - y - 5 = -3*s. List the prime factors of s.
5
Suppose 17 = -5*t - 28. Let p be (-3)/t*-4*-3. Let c = p - -6. What are the prime factors of c?
2, 5
Let u = 416 + -241. List the prime factors of u.
5, 7
Let x = 130 - 72. Suppose -4*h = -42 - x. Suppose 0 = -6*y + y - 3*j + h, -12 = 4*y - 4*j. What are the prime factors of y?
2
Let l(v) = -v**3 - 4*v**2 + 4*v - 2. Let s be l(-5). Let f(m) = 2*m**2 - 4*m + 4. What are the prime factors of f(s)?
2, 5
Suppose -s - s = 0. Suppose s = h - 3*h. Suppose o = -h*o + 4. What are the prime factors of o?
2
Let f(k) = 4*k**2 - 2. Let n(d) = -3*d**2 + d + 2. Let b(h) = -2*f(h) - 3*n(h). Let t = -2 + 0. What are the prime factors of b(t)?
2
Let w(c) = -c**2 + 5*c - c - c + 5. Let r be w(-4). Let t = -14 - r. What are the prime factors of t?
3
Suppose -11 = -0*p + p. Let a = p + 16. What are the prime factors of a?
5
Let v = -40 + 58. Suppose -i + v = 3. List the prime factors of i.
3, 5
Suppose 0 = -3*q - 4*g + 139, 4*q - 5*g - 222 = -3*g. List the prime factors of q.
53
Let x(m) = m**3 + 8*m**2 + m + 10. Let j be x(-8). Suppose j*u - u = 3. Suppose u*y = -y + 8. What are the prime factors of y?
2
What are the prime factors of 4*-1*204/(-16)?
3, 17
Let y = 155 - -54. List the prime factors of y.
11, 19
Let n(a) = -5*a**3 + a**2 - 1. Let